{"id":2836,"date":"2026-02-18T11:53:23","date_gmt":"2026-02-18T10:53:23","guid":{"rendered":"https:\/\/www.funkenflug.app\/blog\/?page_id=2836"},"modified":"2026-02-19T12:43:29","modified_gmt":"2026-02-19T11:43:29","slug":"app-download","status":"publish","type":"page","link":"https:\/\/www.funkenflug.app\/blog\/app-download\/","title":{"rendered":"Funkenflug App &#8211; jetzt gratis downloaden"},"content":{"rendered":"\n<p>Mit der Funkenflug App triffst du andere Singles in deiner Stadt, die Lust auf echte Begegnungen haben. Bei Picknicks, Spieleabenden, Bar-Touren &amp; Co. ist es ganz leicht, ins Gespr\u00e4ch zu kommen \u2013 ganz ohne anstrengende Dates und ewiges Chatten.<\/p>\n\n\n\n<h3 class=\"wp-block-heading\"><span class=\"ez-toc-section\" id=\"so_funktionierts\"><\/span>So funktioniert\u2019s:<span class=\"ez-toc-section-end\"><\/span><\/h3>\n\n\n\n<ul class=\"wp-block-list\">\n<li>Downloade die Funkenflug App und leg dir kostenlos ein Profil an<\/li>\n<\/ul>\n\n\n\n<ul class=\"wp-block-list\">\n<li>St\u00f6bere durch spannende Events in deiner N\u00e4he<\/li>\n<\/ul>\n\n\n\n<ul class=\"wp-block-list\">\n<li>Melde dich zu interessanten Events an und freue dich drauf<\/li>\n<\/ul>\n\n\n\n<ul class=\"wp-block-list\">\n<li>Lerne andere Singles ganz entspannt vor Ort kennen<\/li>\n<\/ul>\n\n\n\n<ul class=\"wp-block-list\">\n<li>Und wenn\u2019s funkt, kannst du dich zu einem Date-Zu-Zweit verabreden \ud83e\udd70<\/li>\n<\/ul>\n\n\n\n<hr class=\"wp-block-separator has-text-color has-base-color has-alpha-channel-opacity has-base-background-color has-background\"\/>\n\n\n<div class=\"gb-container gb-container-f53b9723\">\n\n<h3 class=\"wp-block-heading\"><span class=\"ez-toc-section\" id=\"jetzt_kostenlos_downloaden\"><\/span>Jetzt kostenlos downloaden<span class=\"ez-toc-section-end\"><\/span><\/h3>\n\n\n\n<p>Worauf wartest du? Hol dir jetzt die Funkenflug App mit all deinen Lieblingsfunktionen und verabrede dich auch von unterwegs zu Events, beantworte Nachrichten, tausche dich in den Gruppen aus oder verpasse deinem Profil den letzten Schliff: <\/p>\n\n<\/div>\n\n<div class=\"gb-container gb-container-5deba0b9\">\n\n<figure class=\"wp-block-image size-full is-resized\"><img decoding=\"async\" width=\"600\" height=\"600\" src=\"https:\/\/www.funkenflug.app\/blog\/wp-content\/uploads\/2026\/02\/funkenflug-app-download-qr-code.jpg\" alt=\"QR-COde Funkenflug App\" class=\"wp-image-3812\" style=\"width:auto;height:70px\" srcset=\"https:\/\/www.funkenflug.app\/blog\/wp-content\/uploads\/2026\/02\/funkenflug-app-download-qr-code.jpg 600w, https:\/\/www.funkenflug.app\/blog\/wp-content\/uploads\/2026\/02\/funkenflug-app-download-qr-code-300x300.jpg 300w, https:\/\/www.funkenflug.app\/blog\/wp-content\/uploads\/2026\/02\/funkenflug-app-download-qr-code-150x150.jpg 150w\" sizes=\"(max-width: 600px) 100vw, 600px\" \/><\/figure>\n\n\n<div class=\"gb-container gb-container-7b1ba89b\">\n\n<figure class=\"wp-block-image size-full is-resized\"><a href=\"https:\/\/play.google.com\/store\/apps\/details?id=app.funkenflug\" target=\"_blank\" rel=\"noopener\"><img decoding=\"async\" width=\"646\" height=\"250\" src=\"https:\/\/www.funkenflug.app\/blog\/wp-content\/uploads\/2023\/10\/funkenflug-google-play-store-icon.png\" alt=\"Funkenflug im Google Play Store\" class=\"wp-image-278\" style=\"width:250px\" srcset=\"https:\/\/www.funkenflug.app\/blog\/wp-content\/uploads\/2023\/10\/funkenflug-google-play-store-icon.png 646w, https:\/\/www.funkenflug.app\/blog\/wp-content\/uploads\/2023\/10\/funkenflug-google-play-store-icon-300x116.png 300w\" sizes=\"(max-width: 646px) 100vw, 646px\" \/><\/a><\/figure>\n\n\n\n<figure class=\"wp-block-image size-full is-resized s3w-two-image-flex\"><a href=\"https:\/\/apps.apple.com\/de\/app\/funkenflug-dating-app-events\/id1094693262\" target=\"_blank\" rel=\"noopener\"><img decoding=\"async\" width=\"300\" height=\"116\" src=\"https:\/\/www.funkenflug.app\/blog\/wp-content\/uploads\/2023\/10\/funkenflug-apple-app-store-icon.png\" alt=\"Funkenflug im Apple App Store\" class=\"wp-image-279\" style=\"width:250px\"\/><\/a><\/figure>\n\n<\/div>\n<\/div>\n\n\n<p><\/p>\n\n\n\n<p>Das Leben ist zu kurz, um auf den Richtigen zu warten &#8211; und auch f\u00fcr langweilige Dates \ud83d\ude09 <\/p>\n\n\n\n<hr class=\"wp-block-separator has-text-color has-base-color has-alpha-channel-opacity has-base-background-color has-background\"\/>\n\n\n\n<h3 class=\"wp-block-heading\"><span class=\"ez-toc-section\" id=\"ueber_623000_zufriedene_mitglieder\"><\/span>\u00dcber 623.000 zufriedene Mitglieder<span class=\"ez-toc-section-end\"><\/span><\/h3>\n\n\n\n<div class=\"wp-block-media-text is-stacked-on-mobile\" style=\"grid-template-columns:25% auto\"><figure class=\"wp-block-media-text__media\"><img decoding=\"async\" width=\"600\" height=\"600\" src=\"https:\/\/www.funkenflug.app\/blog\/wp-content\/uploads\/2025\/09\/testimonial-funkenflug-app-jutta.jpg\" alt=\"\" class=\"wp-image-3112 size-full\" srcset=\"https:\/\/www.funkenflug.app\/blog\/wp-content\/uploads\/2025\/09\/testimonial-funkenflug-app-jutta.jpg 600w, https:\/\/www.funkenflug.app\/blog\/wp-content\/uploads\/2025\/09\/testimonial-funkenflug-app-jutta-300x300.jpg 300w, https:\/\/www.funkenflug.app\/blog\/wp-content\/uploads\/2025\/09\/testimonial-funkenflug-app-jutta-150x150.jpg 150w\" sizes=\"(max-width: 600px) 100vw, 600px\" \/><\/figure><div class=\"wp-block-media-text__content\">\n<p><\/p>\n\n\n\n<p>\u201eEndlich mal eine App, die allumfassend f\u00fcr Singles ist. Alles kann, nichts muss. <\/p>\n\n\n\n<p>Toll finde ich, dass man sich in verschiedensten Gruppen zu Veranstaltungen treffen kann. Egal ob m\u00e4nnlich oder weiblich. Ein ungezwungener Ausflug oder wandern mit anderen Singles. Das hat mir sehr gefallen. <\/p>\n\n\n\n<p>Top auch, was alles so organisiert wird. Ich bin dabei!\u201c \u2013 <strong>Jutta, 55<\/strong><\/p>\n\n\n\n<hr class=\"wp-block-separator has-text-color has-base-2-color has-alpha-channel-opacity has-base-2-background-color has-background is-style-default\"\/>\n<\/div><\/div>\n\n\n\n<div class=\"wp-block-media-text has-media-on-the-right is-stacked-on-mobile is-vertically-aligned-center\" style=\"grid-template-columns:auto 25%\"><div class=\"wp-block-media-text__content\">\n<p>Eine sehr angenehme App f\u00fcr Dating, aber auch f\u00fcr interessante Freizeitgruppen aller Art von Sport bis Kultur. <\/p>\n\n\n\n<p>Funkenflug f\u00f6rdert ein soziales Miteinander, hier kann man den Wunschpartner finden und viele nette Menschen.\u201c \u2013 <strong>Stefan, 50<\/strong><\/p>\n<\/div><figure class=\"wp-block-media-text__media\"><img decoding=\"async\" width=\"600\" height=\"600\" src=\"https:\/\/www.funkenflug.app\/blog\/wp-content\/uploads\/2025\/09\/testimonial-funkenflug-app-stefan.jpg\" alt=\"\" class=\"wp-image-3117 size-full\" srcset=\"https:\/\/www.funkenflug.app\/blog\/wp-content\/uploads\/2025\/09\/testimonial-funkenflug-app-stefan.jpg 600w, https:\/\/www.funkenflug.app\/blog\/wp-content\/uploads\/2025\/09\/testimonial-funkenflug-app-stefan-300x300.jpg 300w, https:\/\/www.funkenflug.app\/blog\/wp-content\/uploads\/2025\/09\/testimonial-funkenflug-app-stefan-150x150.jpg 150w\" sizes=\"(max-width: 600px) 100vw, 600px\" \/><\/figure><\/div>\n\n\n\n<hr class=\"wp-block-separator has-text-color has-base-color has-alpha-channel-opacity has-base-background-color has-background\"\/>\n\n\n\n<h3 class=\"wp-block-heading\"><span class=\"ez-toc-section\" id=\"bereit_dann_los\"><\/span>Bereit? Dann los!<span class=\"ez-toc-section-end\"><\/span><\/h3>\n\n\n\n<p>Wir k\u00f6nnten dir jetzt lange erz\u00e4hlen, wie genial unsere App ist und wie viel Spa\u00df es macht, andere Singles bei Events kennenzulernen \u2013 aber am besten probierst du\u2019s einfach selbst aus. <\/p>\n\n\n\n<p>Runterladen kostet nix, registrieren auch nicht, und selbst ums Umschauen zahlst du keinen Cent. Also: g\u00f6nn dir und lass die Funken fliegen!<\/p>\n\n\n\n<div class=\"wp-block-buttons is-content-justification-center is-layout-flex wp-container-core-buttons-is-layout-16018d1d wp-block-buttons-is-layout-flex\">\n<div class=\"wp-block-button is-style-fill\"><a class=\"wp-block-button__link has-background has-text-align-center wp-element-button\" href=\"https:\/\/www.funkenflug.app\/l\/app-download\" style=\"background-color:#f7a910\" target=\"_blank\" rel=\"noreferrer noopener\"><strong>Jetzt App downloaden<\/strong><\/a><\/div>\n<\/div>\n\n\n\n<p><\/p>\n\n\n\n<hr class=\"wp-block-separator has-text-color has-base-color has-alpha-channel-opacity has-base-background-color has-background\"\/>\n\n\n\n<h2 class=\"gb-headline gb-headline-b8d0ac07 gb-headline-text\"><span class=\"ez-toc-section\" id=\"noch_fragen\"><\/span>Noch Fragen? <span class=\"ez-toc-section-end\"><\/span><\/h2>\n\n\n\n<p>Wir sind liebend gerne f\u00fcr dich da! Schreib uns gerne eine <a href=\"mailto:team@funkenflug.app\" data-type=\"link\" data-id=\"team@funkenflug.app\">E-Mail<\/a> oder eine PN direkt \u00fcber die App. <\/p>\n\n\n\n<p><\/p>\n","protected":false},"excerpt":{"rendered":"<p>Mit der Funkenflug App triffst du andere Singles in deiner Stadt, die Lust auf echte Begegnungen haben. Bei Picknicks, Spieleabenden, Bar-Touren &amp; Co. ist es ganz leicht, ins Gespr\u00e4ch zu kommen \u2013 ganz ohne anstrengende Dates und ewiges Chatten. So funktioniert\u2019s: Jetzt kostenlos downloaden Worauf wartest du? Hol dir jetzt die Funkenflug App mit all &#8230; <a title=\"Funkenflug App &#8211; jetzt gratis downloaden\" class=\"read-more\" href=\"https:\/\/www.funkenflug.app\/blog\/app-download\/\" aria-label=\"Mehr Informationen \u00fcber Funkenflug App &#8211; jetzt gratis downloaden\">Weiterlesen<\/a><\/p>\n","protected":false},"author":5,"featured_media":3093,"parent":0,"menu_order":0,"comment_status":"closed","ping_status":"closed","template":"","meta":{"_acf_changed":false,"footnotes":""},"class_list":["post-2836","page","type-page","status-publish","has-post-thumbnail"],"acf":[],"_links":{"self":[{"href":"https:\/\/www.funkenflug.app\/blog\/wp-json\/wp\/v2\/pages\/2836","targetHints":{"allow":["GET"]}}],"collection":[{"href":"https:\/\/www.funkenflug.app\/blog\/wp-json\/wp\/v2\/pages"}],"about":[{"href":"https:\/\/www.funkenflug.app\/blog\/wp-json\/wp\/v2\/types\/page"}],"author":[{"embeddable":true,"href":"https:\/\/www.funkenflug.app\/blog\/wp-json\/wp\/v2\/users\/5"}],"replies":[{"embeddable":true,"href":"https:\/\/www.funkenflug.app\/blog\/wp-json\/wp\/v2\/comments?post=2836"}],"version-history":[{"count":61,"href":"https:\/\/www.funkenflug.app\/blog\/wp-json\/wp\/v2\/pages\/2836\/revisions"}],"predecessor-version":[{"id":3837,"href":"https:\/\/www.funkenflug.app\/blog\/wp-json\/wp\/v2\/pages\/2836\/revisions\/3837"}],"wp:featuredmedia":[{"embeddable":true,"href":"https:\/\/www.funkenflug.app\/blog\/wp-json\/wp\/v2\/media\/3093"}],"wp:attachment":[{"href":"https:\/\/www.funkenflug.app\/blog\/wp-json\/wp\/v2\/media?parent=2836"}],"curies":[{"name":"wp","href":"https:\/\/api.w.org\/{rel}","templated":true}]}}