{"id":3215,"date":"2025-10-22T10:49:30","date_gmt":"2025-10-22T08:49:30","guid":{"rendered":"https:\/\/www.funkenflug.app\/blog\/?page_id=3215"},"modified":"2025-10-22T13:29:22","modified_gmt":"2025-10-22T11:29:22","slug":"muenchner-singles","status":"publish","type":"page","link":"https:\/\/www.funkenflug.app\/blog\/muenchner-singles\/","title":{"rendered":"Hier verliebt sich M\u00fcnchen"},"content":{"rendered":"\n<h2 class=\"gb-headline gb-headline-fe3b66ab gb-headline-text\"><span class=\"ez-toc-section\" id=\"lerne_andere_muenchner_singles_kennen\"><\/span>Lerne andere M\u00fcnchner Singles kennen<span class=\"ez-toc-section-end\"><\/span><\/h2>\n\n\n\n<p>M\u00fcnchen hat viel zu bieten \u2013 nur das mit der Liebe ist manchmal gar nicht so einfach. Zwischen Arbeit, Freizeitstress und der ewigen Frage <em>\u201eWo lernt man hier eigentlich jemanden kennen?\u201c<\/em> bleibt oft wenig Zeit f\u00fcr echte Begegnungen.<\/p>\n\n\n\n<p>Klar, Online-Dating ist praktisch \u2013 aber endloses Swipen kann schnell frustrierend werden. Genau hier kommt <strong>Funkenflug<\/strong> ins Spiel: die Dating-App f\u00fcr <strong>M\u00fcnchner Singles<\/strong>, die sich lieber <strong>im echten Leben<\/strong> treffen.<\/p>\n\n\n\n<p>Hier ein paar Fakten zu unserer Community:<\/p>\n\n\n\n<ul class=\"wp-block-list\">\n<li>\u00dcber <strong>214.000 Singles aus M\u00fcnchen<\/strong> sind schon dabei<\/li>\n\n\n\n<li>Im Eventkalender findest du aktuell \u00fcber <strong>700 aktive Events<\/strong> in und um M\u00fcnchen<\/li>\n\n\n\n<li>Werde Teil einer lebendigen <strong>Community<\/strong> und triff M\u00fcnchner Singles mit deinen Interessen<\/li>\n\n\n\n<li><strong>Zehntausende Begegnungen<\/strong> entstehen hier jeden Tag \u2013 ganz ohne Dating-Stress<\/li>\n<\/ul>\n\n\n\n<p>Lerne jetzt auf Events oder bei einem Date zu zweit andere Singles aus M\u00fcnchen kennen \u2013 und <strong>lass Funken fliegen<\/strong>: <\/p>\n\n\n\n<div class=\"wp-block-buttons is-content-justification-center is-layout-flex wp-container-core-buttons-is-layout-16018d1d wp-block-buttons-is-layout-flex\">\n<div class=\"wp-block-button\"><a class=\"wp-block-button__link has-background has-text-align-center wp-element-button\" href=\"https:\/\/www.funkenflug.app\/user\/register\" style=\"background-color:#f7a910\" target=\"_blank\" rel=\"noreferrer noopener\"><strong>Jetzt kostenlos anmelden<\/strong><\/a><\/div>\n<\/div>\n\n\n\n<p><\/p>\n\n\n\n<hr class=\"wp-block-separator has-text-color has-base-color has-alpha-channel-opacity has-base-background-color has-background\"\/>\n\n\n\n<h2 class=\"gb-headline gb-headline-59952ae8 gb-headline-text\"><span class=\"ez-toc-section\" id=\"verabrede_dich_so_wie_du_willst\"><\/span>Verabrede dich so, wie du willst<span class=\"ez-toc-section-end\"><\/span><\/h2>\n\n\n\n<div class=\"wp-block-media-text is-stacked-on-mobile\"><figure class=\"wp-block-media-text__media\"><img decoding=\"async\" width=\"735\" height=\"728\" src=\"https:\/\/www.funkenflug.app\/blog\/wp-content\/uploads\/2025\/10\/entspannt-verabreden-mit-funkenflug.webp\" alt=\"So verabreden sich Singles ganz entspannt\" class=\"wp-image-3325 size-full\" srcset=\"https:\/\/www.funkenflug.app\/blog\/wp-content\/uploads\/2025\/10\/entspannt-verabreden-mit-funkenflug.webp 735w, https:\/\/www.funkenflug.app\/blog\/wp-content\/uploads\/2025\/10\/entspannt-verabreden-mit-funkenflug-300x297.webp 300w, https:\/\/www.funkenflug.app\/blog\/wp-content\/uploads\/2025\/10\/entspannt-verabreden-mit-funkenflug-150x150.webp 150w\" sizes=\"(max-width: 735px) 100vw, 735px\" \/><\/figure><div class=\"wp-block-media-text__content\">\n<p>Seit \u00fcber 25 Jahren bringen wir M\u00fcnchner Singles zusammen \u2013 <strong>ganz entspannt, echt und mit Spa\u00df<\/strong>. Denn wir finden: Jeder sollte in M\u00fcnchen den Menschen treffen k\u00f6nnen, mit dem er gl\u00fccklich wird. Deshalb bieten wir dir <strong>verschiedene M\u00f6glichkeiten<\/strong>, dich so zu verabreden, wie es am besten zu dir passt.<\/p>\n\n\n\n<p>Du kannst andere M\u00fcnchner Singles klassisch bei einem <strong>Date zu zweit<\/strong> kennenlernen \u2013 zum Beispiel bei einem Spaziergang an der Isar, im Englischen Garten oder im Nymphenburger Park. Klick dich einfach durch <strong>viele sympathische Profile<\/strong> und finde jemanden, der zu dir passt.<\/p>\n<\/div><\/div>\n\n\n\n<p>Oder du hast keine Lust, dich durch unz\u00e4hlige Profile zu wischen? Dann triff andere M\u00fcnchner Singles ganz einfach <strong>bei unseren Events<\/strong>. Unsere Mitglieder organisieren mit viel Herz tolle Aktionen in und um M\u00fcnchen \u2013 vom gem\u00fctlichen Caf\u00e9-Treff bis Wanderungen. So lernst du neue Leute kennen und kannst deinen Partner in M\u00fcnchen ganz entspannt finden.<\/p>\n\n\n\n<div class=\"wp-block-buttons is-content-justification-center is-layout-flex wp-container-core-buttons-is-layout-16018d1d wp-block-buttons-is-layout-flex\">\n<div class=\"wp-block-button\"><a class=\"wp-block-button__link has-background has-text-align-center wp-element-button\" href=\"https:\/\/www.funkenflug.app\/blog\/so-funktioniert-die-funkenflug-app\/\" style=\"background-color:#f7a910\" target=\"_blank\" rel=\"noreferrer noopener\"><strong>Entdecke die M\u00f6glichkeiten<\/strong><\/a><\/div>\n<\/div>\n\n\n\n<p><\/p>\n\n\n\n<p>Es ist so einfach, sich hier zu verabreden \ud83d\ude42 <\/p>\n\n\n\n<hr class=\"wp-block-separator has-text-color has-base-color has-alpha-channel-opacity has-base-background-color has-background\"\/>\n\n\n\n<h2 class=\"gb-headline gb-headline-5464b67e gb-headline-text\"><span class=\"ez-toc-section\" id=\"triff_auf_ueber_700_events_ganz_entspannt_andere_muenchner_singles\"><\/span>Triff auf \u00fcber 700 Events ganz entspannt andere M\u00fcnchner Singles<span class=\"ez-toc-section-end\"><\/span><\/h2>\n\n\n\n<p>Hier verabreden sich aktive M\u00fcnchner Singles, um <strong>gemeinsam etwas zu erleben<\/strong> \u2013 vom gem\u00fctlichen <strong>Caf\u00e9-Treff<\/strong> \u00fcber <strong>Spazierg\u00e4nge an der Isar<\/strong> bis zu Sommerfesten und<strong> Afterwork-Events<\/strong>. <\/p>\n\n\n\n<div class=\"wp-block-buttons is-content-justification-center is-layout-flex wp-container-core-buttons-is-layout-16018d1d wp-block-buttons-is-layout-flex\">\n<div class=\"wp-block-button\"><a class=\"wp-block-button__link has-background has-text-align-center wp-element-button\" href=\"https:\/\/www.funkenflug.app\/event?locality=M\u00fcnchen\" style=\"background-color:#f7a910\" target=\"_blank\" rel=\"noreferrer noopener\"><strong>Jetzt Events in M\u00fcnchen entdecken<\/strong><\/a><\/div>\n<\/div>\n\n\n\n<p><\/p>\n\n\n\n<p>Alle Events werden von Mitgliedern selbst organisiert \u2013 mit viel Herz und Lust auf neue Begegnungen. So lernst du ganz nat\u00fcrlich Singles aus M\u00fcnchen kennen, die zu dir passen.<\/p>\n\n\n\n<hr class=\"wp-block-separator has-text-color has-base-color has-alpha-channel-opacity has-base-background-color has-background\"\/>\n\n\n\n<h2 class=\"gb-headline gb-headline-53f6419b gb-headline-text\"><span class=\"ez-toc-section\" id=\"du_sollst_dich_hier_sicher_fuehlen\"><\/span>Du sollst dich hier sicher f\u00fchlen<span class=\"ez-toc-section-end\"><\/span><\/h2>\n\n\n\n<div class=\"wp-block-media-text is-stacked-on-mobile\"><figure class=\"wp-block-media-text__media\"><img decoding=\"async\" width=\"653\" height=\"738\" src=\"https:\/\/www.funkenflug.app\/blog\/wp-content\/uploads\/2025\/10\/sicheres-dating-bei-funkenflug.webp\" alt=\"Hier k\u00f6nnen Singles sich sicher verabreden und verlieben\" class=\"wp-image-3327 size-full\" srcset=\"https:\/\/www.funkenflug.app\/blog\/wp-content\/uploads\/2025\/10\/sicheres-dating-bei-funkenflug.webp 653w, https:\/\/www.funkenflug.app\/blog\/wp-content\/uploads\/2025\/10\/sicheres-dating-bei-funkenflug-265x300.webp 265w\" sizes=\"(max-width: 653px) 100vw, 653px\" \/><\/figure><div class=\"wp-block-media-text__content\">\n<p>Sicherheit steht bei uns an erster Stelle. Deshalb achten wir darauf, dass du dich hier rundum wohlf\u00fchlen kannst \u2013 vom ersten Klick bis zum pers\u00f6nlichen Treffen.<\/p>\n\n\n\n<p>Unsere Schutzfunktionen sorgen daf\u00fcr, dass du dich ganz aufs Wesentliche konzentrieren kannst: sympathische <strong>M\u00fcnchner Singles<\/strong> kennenlernen und bei unseren Events gemeinsam Spa\u00df haben.<\/p>\n\n\n\n<p>Um alles andere k\u00fcmmern wir uns.<\/p>\n<\/div><\/div>\n\n\n\n<hr class=\"wp-block-separator has-text-color has-base-color has-alpha-channel-opacity has-base-background-color has-background\"\/>\n\n\n\n<h2 class=\"gb-headline gb-headline-9da22eee gb-headline-text\"><span class=\"ez-toc-section\" id=\"lerne_andere_muenchner_singles_mit_deinen_interessen_kennen\"><\/span>Lerne andere M\u00fcnchner Singles mit deinen Interessen kennen<span class=\"ez-toc-section-end\"><\/span><\/h2>\n\n\n\n<p>Ob Sport, Kultur, Essen gehen oder Partys \u2013 hier findest du schnell andere M\u00fcnchner Singles, die deine Interessen teilen. In unseren <strong>Gruppen triffst du Gleichgesinnte<\/strong>, mit denen du lachen, unternehmen und neue Freundschaften kn\u00fcpfen kannst.<\/p>\n\n\n\n<p>Beliebte Gruppen sind zum Beispiel:<\/p>\n\n\n\n<ul class=\"wp-block-list\">\n<li>Tanzen, Partys, Live-Events und noch viel mehr<\/li>\n\n\n\n<li>Wandern rund um M\u00fcnchen &#8211; altersunabh\u00e4nig<\/li>\n\n\n\n<li>M\u00fcSis helfen M\u00fcSis<\/li>\n\n\n\n<li>Freizeitgruppe &#8211; alles was Spa\u00df macht und gef\u00e4llt <\/li>\n\n\n\n<li>Best agers ab 50 &#8211; best time in life <\/li>\n\n\n\n<li>Kunst, Museen, F\u00fchrungen<\/li>\n<\/ul>\n\n\n\n<div class=\"wp-block-buttons is-content-justification-center is-layout-flex wp-container-core-buttons-is-layout-16018d1d wp-block-buttons-is-layout-flex\">\n<div class=\"wp-block-button\"><a class=\"wp-block-button__link has-background has-text-align-center wp-element-button\" href=\"https:\/\/www.funkenflug.app\/l\/single-gruppen\" style=\"background-color:#f7a910\" target=\"_blank\" rel=\"noreferrer noopener\"><strong>Jetzt Gruppen entdecken<\/strong><\/a><\/div>\n<\/div>\n\n\n\n<p><\/p>\n\n\n\n<hr class=\"wp-block-separator has-text-color has-base-color has-alpha-channel-opacity has-base-background-color has-background\"\/>\n\n\n\n<h2 class=\"wp-block-heading\"><span class=\"ez-toc-section\" id=\"was_muenchner_singles_an_funkenflug_lieben\"><\/span>Was M\u00fcnchner Singles an Funkenflug lieben<span class=\"ez-toc-section-end\"><\/span><\/h2>\n\n\n\n<p>Am besten erz\u00e4hlen es die, die es selbst erlebt haben: unsere <strong>M\u00fcnchner Singles<\/strong>! Wir haben einige Mitglieder gefragt, wie sie Funkenflug erleben \u2013 und ob sie die App ihren Freunden weiterempfehlen w\u00fcrden. Hier sind ein paar ihrer Geschichten:<\/p>\n\n\n\n<div class=\"wp-block-media-text is-stacked-on-mobile\" style=\"grid-template-columns:15% auto\"><figure class=\"wp-block-media-text__media\"><img decoding=\"async\" width=\"160\" height=\"160\" src=\"https:\/\/www.funkenflug.app\/blog\/wp-content\/uploads\/2025\/10\/funkenflug-erfahrungsbericht-christina.webp\" alt=\"\" class=\"wp-image-3245 size-full\" srcset=\"https:\/\/www.funkenflug.app\/blog\/wp-content\/uploads\/2025\/10\/funkenflug-erfahrungsbericht-christina.webp 160w, https:\/\/www.funkenflug.app\/blog\/wp-content\/uploads\/2025\/10\/funkenflug-erfahrungsbericht-christina-150x150.webp 150w\" sizes=\"(max-width: 160px) 100vw, 160px\" \/><\/figure><div class=\"wp-block-media-text__content\">\n<p><strong>Christina, 42<\/strong><\/p>\n\n\n\n<p><em>hat ihren Partner \u00fcber Funkenflug kennengelernt:<\/em><\/p>\n\n\n\n<p>&#8222;Kann es selbst kaum glauben, dass mein Traummann fast um die Ecke im Viertel wohnt und wir uns hier kennenlernen durften.&#8220;<\/p>\n<\/div><\/div>\n\n\n\n<p><\/p>\n\n\n\n<div class=\"wp-block-media-text is-stacked-on-mobile\" style=\"grid-template-columns:15% auto\"><figure class=\"wp-block-media-text__media\"><img decoding=\"async\" width=\"160\" height=\"160\" src=\"https:\/\/www.funkenflug.app\/blog\/wp-content\/uploads\/2025\/10\/funkenflug-erfahrungsbericht-ralf.webp\" alt=\"\" class=\"wp-image-3247 size-full\" srcset=\"https:\/\/www.funkenflug.app\/blog\/wp-content\/uploads\/2025\/10\/funkenflug-erfahrungsbericht-ralf.webp 160w, https:\/\/www.funkenflug.app\/blog\/wp-content\/uploads\/2025\/10\/funkenflug-erfahrungsbericht-ralf-150x150.webp 150w\" sizes=\"(max-width: 160px) 100vw, 160px\" \/><\/figure><div class=\"wp-block-media-text__content\">\n<p><strong>Ralf, 44<\/strong><\/p>\n\n\n\n<p><em>\u00fcber seine Erfahrung mit anderen Apps:<\/em><\/p>\n\n\n\n<p>&#8222;Ich habe mir mehrere Single Apps angesehen, aber vom Aufbau, der Handhabung und dem Niveau der Mitglieder liegt ihr ganz weit vorn!&#8220;<\/p>\n<\/div><\/div>\n\n\n\n<p><\/p>\n\n\n\n<div class=\"wp-block-media-text is-stacked-on-mobile\" style=\"grid-template-columns:15% auto\"><figure class=\"wp-block-media-text__media\"><img decoding=\"async\" width=\"160\" height=\"160\" src=\"https:\/\/www.funkenflug.app\/blog\/wp-content\/uploads\/2025\/10\/funkenflug-erfahrungsbericht-eva.webp\" alt=\"\" class=\"wp-image-3248 size-full\" srcset=\"https:\/\/www.funkenflug.app\/blog\/wp-content\/uploads\/2025\/10\/funkenflug-erfahrungsbericht-eva.webp 160w, https:\/\/www.funkenflug.app\/blog\/wp-content\/uploads\/2025\/10\/funkenflug-erfahrungsbericht-eva-150x150.webp 150w\" sizes=\"(max-width: 160px) 100vw, 160px\" \/><\/figure><div class=\"wp-block-media-text__content\">\n<p><strong>Eva, 38<\/strong><\/p>\n\n\n\n<p><em>mag die Events besonders:<\/em><\/p>\n\n\n\n<p>&#8222;Nette und freundliche Leute, h\u00f6flicher Umgang und super tolle Events. Ich kann euch nur weiterempfehlen.&#8220;<\/p>\n<\/div><\/div>\n\n\n\n<p><\/p>\n\n\n\n<div class=\"wp-block-media-text is-stacked-on-mobile\" style=\"grid-template-columns:15% auto\"><figure class=\"wp-block-media-text__media\"><img decoding=\"async\" width=\"160\" height=\"160\" src=\"https:\/\/www.funkenflug.app\/blog\/wp-content\/uploads\/2025\/10\/funkenflug-erfahrungsbericht-linda.webp\" alt=\"\" class=\"wp-image-3250 size-full\" srcset=\"https:\/\/www.funkenflug.app\/blog\/wp-content\/uploads\/2025\/10\/funkenflug-erfahrungsbericht-linda.webp 160w, https:\/\/www.funkenflug.app\/blog\/wp-content\/uploads\/2025\/10\/funkenflug-erfahrungsbericht-linda-150x150.webp 150w\" sizes=\"(max-width: 160px) 100vw, 160px\" \/><\/figure><div class=\"wp-block-media-text__content\">\n<p><strong>Linda, 33<\/strong><\/p>\n\n\n\n<p><em>findet Funkenflug unkompliziert und echt:<\/em><\/p>\n\n\n\n<p>&#8222;Ihr seid das beste Portal das ich je besucht habe! Sehr schnelle, unkomplizierte Aufnahme, schnelle Kontakte. Alles sehr authentisch!&#8220;<\/p>\n<\/div><\/div>\n\n\n\n<p><\/p>\n\n\n\n<p>Lust auf mehr echte Erfahrungen? Dann schau auf unserer <strong>Erfahrungs-Seite<\/strong> vorbei \u2013 dort erz\u00e4hlen noch mehr <strong>M\u00fcnchner Singles<\/strong>, wie sie mit Funkenflug Liebe, Freundschaft und neue Erlebnisse gefunden haben.<\/p>\n\n\n\n<div class=\"wp-block-buttons is-content-justification-center is-layout-flex wp-container-core-buttons-is-layout-16018d1d wp-block-buttons-is-layout-flex\">\n<div class=\"wp-block-button\"><a class=\"wp-block-button__link has-background has-text-align-center wp-element-button\" href=\"https:\/\/www.funkenflug.app\/erfahrungen\" style=\"background-color:#f7a910\" target=\"_blank\" rel=\"noreferrer noopener\"><strong>Mehr Erfahrungen lesen<\/strong><\/a><\/div>\n<\/div>\n\n\n\n<p><\/p>\n\n\n\n<hr class=\"wp-block-separator has-text-color has-base-color has-alpha-channel-opacity has-base-background-color has-background\"\/>\n\n\n\n<h2 class=\"gb-headline gb-headline-16c03fb1 gb-headline-text\"><span class=\"ez-toc-section\" id=\"tipps_ideen_fuer_dein_single-leben_in_muenchen\"><\/span>Tipps &amp; Ideen f\u00fcr dein Single-Leben in M\u00fcnchen<span class=\"ez-toc-section-end\"><\/span><\/h2>\n\n\n\n<p>Du suchst Inspiration f\u00fcr dein n\u00e4chstes Date oder willst das <strong>Single-Leben in M\u00fcnchen<\/strong> einfach genie\u00dfen? Dann schau in unseren Liebeskram-Ratgeber! Hier findest du unsere besten Tipps aus \u00fcber 25 Jahren Erfahrung rund ums Dating, Kennenlernen und die Partnersuche in M\u00fcnchen.<\/p>\n\n\n\n<p>Beliebte Artikel:<\/p>\n\n\n\n<ul class=\"wp-block-list\">\n<li><a href=\"https:\/\/www.funkenflug.app\/liebeskram\/date-ideen-schlechtes-wetter-muenchen\/\" data-type=\"link\" data-id=\"https:\/\/www.funkenflug.app\/liebeskram\/date-ideen-schlechtes-wetter-muenchen\/\" target=\"_blank\" rel=\"noreferrer noopener\">Die 10 besten Date Ideen f\u00fcr schlechtes Wetter in M\u00fcnchen<\/a><\/li>\n\n\n\n<li><a href=\"https:\/\/www.funkenflug.app\/liebeskram\/singleparty-muenchen\/\" data-type=\"link\" data-id=\"https:\/\/www.funkenflug.app\/liebeskram\/singleparty-muenchen\/\" target=\"_blank\" rel=\"noreferrer noopener\">Singlepartys in M\u00fcnchen (\u00dc30) &#8211; die besten Single-Partys &amp; Termine<\/a><\/li>\n\n\n\n<li><a href=\"https:\/\/www.funkenflug.app\/liebeskram\/cafes-date-muenchen\/\" target=\"_blank\" data-type=\"link\" data-id=\"https:\/\/www.funkenflug.app\/liebeskram\/cafes-date-muenchen\/\" rel=\"noreferrer noopener\">10 perfekte Caf\u00e9s f\u00fcrs Date in M\u00fcnchen<\/a><\/li>\n<\/ul>\n\n\n\n<div class=\"wp-block-buttons is-content-justification-center is-layout-flex wp-container-core-buttons-is-layout-16018d1d wp-block-buttons-is-layout-flex\">\n<div class=\"wp-block-button\"><a class=\"wp-block-button__link has-background has-text-align-center wp-element-button\" href=\"https:\/\/www.funkenflug.app\/liebeskram\/\" style=\"background-color:#f7a910\" target=\"_blank\" rel=\"noreferrer noopener\"><strong>Jetzt Tipps entdecken<\/strong><\/a><\/div>\n<\/div>\n\n\n\n<p><\/p>\n\n\n\n<hr class=\"wp-block-separator has-text-color has-base-color has-alpha-channel-opacity has-base-background-color has-background\"\/>\n\n\n\n<h2 class=\"gb-headline gb-headline-bb18f4c4 gb-headline-text\"><span class=\"ez-toc-section\" id=\"news_vom_funkenflug_team\"><\/span>News vom Funkenflug Team<span class=\"ez-toc-section-end\"><\/span><\/h2>\n\n\n\n<div class=\"wp-block-media-text is-stacked-on-mobile\"><figure class=\"wp-block-media-text__media\"><img decoding=\"async\" width=\"600\" height=\"600\" src=\"https:\/\/www.funkenflug.app\/blog\/wp-content\/uploads\/2025\/10\/funkenflug-team.jpg\" alt=\"Funkenflug Team in Action\" class=\"wp-image-3284 size-full\" srcset=\"https:\/\/www.funkenflug.app\/blog\/wp-content\/uploads\/2025\/10\/funkenflug-team.jpg 600w, https:\/\/www.funkenflug.app\/blog\/wp-content\/uploads\/2025\/10\/funkenflug-team-300x300.jpg 300w, https:\/\/www.funkenflug.app\/blog\/wp-content\/uploads\/2025\/10\/funkenflug-team-150x150.jpg 150w\" sizes=\"(max-width: 600px) 100vw, 600px\" \/><\/figure><div class=\"wp-block-media-text__content\">\n<p>In unserem Blog halten wir dich regelm\u00e4\u00dfig auf dem Laufenden: \u00fcber Neues vom <strong>Funkenflug-Team<\/strong>, spannende <strong>Singlepartys<\/strong>, besondere <strong>Events<\/strong>, Gewinnspiele und aktuelle <strong>App-Updates<\/strong>.<\/p>\n\n\n\n<p><br>So bekommst du nicht nur Einblicke hinter die Kulissen, sondern erf\u00e4hrst auch, was sich bei Funkenflug gerade tut \u2013 und welche neuen Funktionen dich erwarten.<\/p>\n<\/div><\/div>\n\n\n\n<p><\/p>\n\n\n\n<p>Beliebte Beitr\u00e4ge:<\/p>\n\n\n\n<ul class=\"wp-block-list\">\n<li><a href=\"https:\/\/www.funkenflug.app\/blog\/willkommen\/\" data-type=\"link\" data-id=\"https:\/\/www.funkenflug.app\/blog\/willkommen\/\" target=\"_blank\" rel=\"noreferrer noopener\">Willkommen bei Funkenflug<\/a><\/li>\n\n\n\n<li><a href=\"https:\/\/www.funkenflug.app\/blog\/funkenflug-team-gibt-persoenliche-einblicke\/\" data-type=\"link\" data-id=\"https:\/\/www.funkenflug.app\/blog\/funkenflug-team-gibt-persoenliche-einblicke\/\" target=\"_blank\" rel=\"noreferrer noopener\">Hinter den Kulissen: Das Funkenflug-Team gibt pers\u00f6nliche Einblicke<\/a><\/li>\n\n\n\n<li><a href=\"https:\/\/www.funkenflug.app\/blog\/events-jetzt-kostenlos\/\" data-type=\"link\" data-id=\"https:\/\/www.funkenflug.app\/blog\/events-jetzt-kostenlos\/\" target=\"_blank\" rel=\"noreferrer noopener\">Kostenlos auf Events verabreden &amp; gemeinsam Spa\u00df haben<\/a><\/li>\n<\/ul>\n\n\n\n<div class=\"wp-block-buttons is-content-justification-center is-layout-flex wp-container-core-buttons-is-layout-16018d1d wp-block-buttons-is-layout-flex\">\n<div class=\"wp-block-button\"><a class=\"wp-block-button__link has-background has-text-align-center wp-element-button\" href=\"https:\/\/www.funkenflug.app\/blog\" style=\"background-color:#f7a910\" target=\"_blank\" rel=\"noreferrer noopener\"><strong>Zum Funkenflug Blog<\/strong><\/a><\/div>\n<\/div>\n\n\n\n<p><\/p>\n\n\n\n<p>Schau gerne mal vorbei \ud83d\ude09 <\/p>\n\n\n\n<hr class=\"wp-block-separator has-text-color has-base-color has-alpha-channel-opacity has-base-background-color has-background\"\/>\n\n\n\n<h2 class=\"gb-headline gb-headline-8e589a48 gb-headline-text\"><span class=\"ez-toc-section\" id=\"mach_jetzt_den_ersten_schritt\"><\/span>Mach jetzt den ersten Schritt<span class=\"ez-toc-section-end\"><\/span><\/h2>\n\n\n\n<div class=\"wp-block-media-text is-stacked-on-mobile\"><figure class=\"wp-block-media-text__media\"><img decoding=\"async\" width=\"828\" height=\"520\" src=\"https:\/\/www.funkenflug.app\/blog\/wp-content\/uploads\/2025\/10\/willkommen-bei-funkenflug.webp\" alt=\"Willkommen bei Funkenflug - die Mitglieder freuen sich auf dich\" class=\"wp-image-3260 size-full\" srcset=\"https:\/\/www.funkenflug.app\/blog\/wp-content\/uploads\/2025\/10\/willkommen-bei-funkenflug.webp 828w, https:\/\/www.funkenflug.app\/blog\/wp-content\/uploads\/2025\/10\/willkommen-bei-funkenflug-300x188.webp 300w, https:\/\/www.funkenflug.app\/blog\/wp-content\/uploads\/2025\/10\/willkommen-bei-funkenflug-768x482.webp 768w\" sizes=\"(max-width: 828px) 100vw, 828px\" \/><\/figure><div class=\"wp-block-media-text__content\">\n<p>Du bist nur einen Klick davon entfernt, Teil unserer sympathischen Community zu werden \u2013 und viele nette <strong>M\u00fcnchner Singles<\/strong> kennenzulernen, die genauso offen und echt sind wie du. Vielleicht ist ja sogar dein Lieblingsmensch dabei.<\/p>\n\n\n\n<p>Lad dir kostenlos die App runter, registrier dich \u2013 und schon kann\u2019s losgehen:<\/p>\n\n\n\n<div class=\"wp-block-buttons is-content-justification-center is-layout-flex wp-container-core-buttons-is-layout-16018d1d wp-block-buttons-is-layout-flex\">\n<div class=\"wp-block-button\"><a class=\"wp-block-button__link has-background has-text-align-center wp-element-button\" href=\"https:\/\/www.funkenflug.app\/user\/register\" style=\"background-color:#f7a910\" target=\"_blank\" rel=\"noreferrer noopener\"><strong>Jetzt kostenlos anmelden<\/strong><\/a><\/div>\n<\/div>\n\n\n\n<p><\/p>\n\n\n\n<p>Oder hol dir die App direkt hier:<\/p>\n\n\n\n<div style=\"display: flex; gap: 1rem; flex-wrap: wrap; justify-content: center;\">\n  <a href=\"https:\/\/play.google.com\/store\/apps\/details?id=app.funkenflug\" target=\"_blank\" rel=\"noopener\">\n    <img decoding=\"async\" src=\"https:\/\/www.funkenflug.app\/blog\/wp-content\/uploads\/2025\/07\/de_badge_web_generic.png\" alt=\"Google Play Store\" height=\"60\">\n  <\/a>\n  <a href=\"https:\/\/apps.apple.com\/de\/app\/funkenflug-dating-app-events\/id1094693262\" target=\"_blank\" rel=\"noopener\">\n    <img decoding=\"async\" src=\"https:\/\/www.funkenflug.app\/blog\/wp-content\/uploads\/2025\/07\/de_badge_appstore.png\" alt=\"App Store\" height=\"60\">\n  <\/a>\n<\/div>\n<\/div><\/div>\n\n\n\n<p><\/p>\n\n\n\n<p><\/p>\n\n\n\n<p>Wir freuen uns auf dich \ud83e\udde1<\/p>\n\n\n\n<hr class=\"wp-block-separator has-text-color has-base-color has-alpha-channel-opacity has-base-background-color has-background\"\/>\n\n\n\n<p>M\u00f6chtest du <strong>Singles in M\u00fcnchen<\/strong> kennenlernen? Mit der <strong>Funkenflug App<\/strong> wird die Partnersuche leicht und macht sogar Spa\u00df.<\/p>\n\n\n\n<p>Egal, ob du auf der Suche nach einer festen Beziehung, einem lockeren Flirt oder einfach neuen Bekanntschaften bist \u2013 bei Funkenflug triffst du schnell und unkompliziert auf sympathische <strong>M\u00fcnchner Singles<\/strong>, die zu dir passen.<\/p>\n\n\n\n<p>Lade dir jetzt die App herunter und entdecke die Vielfalt an Menschen in M\u00fcnchen. Starte deine Partnersuche mit Leichtigkeit \u2013 und vielleicht ist dein Lieblingsmensch schon beim n\u00e4chsten Event dabei.<\/p>\n","protected":false},"excerpt":{"rendered":"<p>Lerne andere M\u00fcnchner Singles kennen M\u00fcnchen hat viel zu bieten \u2013 nur das mit der Liebe ist manchmal gar nicht so einfach. Zwischen Arbeit, Freizeitstress und der ewigen Frage \u201eWo lernt man hier eigentlich jemanden kennen?\u201c bleibt oft wenig Zeit f\u00fcr echte Begegnungen. Klar, Online-Dating ist praktisch \u2013 aber endloses Swipen kann schnell frustrierend werden. &#8230; <a title=\"Hier verliebt sich M\u00fcnchen\" class=\"read-more\" href=\"https:\/\/www.funkenflug.app\/blog\/muenchner-singles\/\" aria-label=\"Mehr Informationen \u00fcber Hier verliebt sich M\u00fcnchen\">Weiterlesen<\/a><\/p>\n","protected":false},"author":5,"featured_media":3225,"parent":0,"menu_order":0,"comment_status":"closed","ping_status":"closed","template":"","meta":{"_acf_changed":false,"footnotes":""},"class_list":["post-3215","page","type-page","status-publish","has-post-thumbnail"],"acf":[],"_links":{"self":[{"href":"https:\/\/www.funkenflug.app\/blog\/wp-json\/wp\/v2\/pages\/3215","targetHints":{"allow":["GET"]}}],"collection":[{"href":"https:\/\/www.funkenflug.app\/blog\/wp-json\/wp\/v2\/pages"}],"about":[{"href":"https:\/\/www.funkenflug.app\/blog\/wp-json\/wp\/v2\/types\/page"}],"author":[{"embeddable":true,"href":"https:\/\/www.funkenflug.app\/blog\/wp-json\/wp\/v2\/users\/5"}],"replies":[{"embeddable":true,"href":"https:\/\/www.funkenflug.app\/blog\/wp-json\/wp\/v2\/comments?post=3215"}],"version-history":[{"count":83,"href":"https:\/\/www.funkenflug.app\/blog\/wp-json\/wp\/v2\/pages\/3215\/revisions"}],"predecessor-version":[{"id":3330,"href":"https:\/\/www.funkenflug.app\/blog\/wp-json\/wp\/v2\/pages\/3215\/revisions\/3330"}],"wp:featuredmedia":[{"embeddable":true,"href":"https:\/\/www.funkenflug.app\/blog\/wp-json\/wp\/v2\/media\/3225"}],"wp:attachment":[{"href":"https:\/\/www.funkenflug.app\/blog\/wp-json\/wp\/v2\/media?parent=3215"}],"curies":[{"name":"wp","href":"https:\/\/api.w.org\/{rel}","templated":true}]}}