{"id":949,"date":"2025-07-14T14:00:01","date_gmt":"2025-07-14T12:00:01","guid":{"rendered":"https:\/\/www.funkenflug.app\/blog\/?page_id=949"},"modified":"2026-02-25T12:19:14","modified_gmt":"2026-02-25T11:19:14","slug":"so-funktioniert-die-funkenflug-app","status":"publish","type":"page","link":"https:\/\/www.funkenflug.app\/blog\/so-funktioniert-die-funkenflug-app\/","title":{"rendered":"So funktioniert die Funkenflug App"},"content":{"rendered":"\n<p>Die Funkenflug App steckt voller M\u00f6glichkeiten \u2013 von spannenden Events \u00fcber die Profilsuche bis hin zu Gruppen und echten Liebesgeschichten.<\/p>\n\n\n\n<p><strong>Doch was macht diese App so besonders?<\/strong><\/p>\n\n\n\n<p>Wir glauben: Die besten Verbindungen entstehen, wenn man sich <strong>live begegnet<\/strong>. Deshalb bringen wir mit unserer App Menschen \u00fcber Erlebnisse zusammen \u2013 ob beim Lagerfeuer, in der Bar oder auf dem Wanderweg. Ohne Swipen, ohne Stress. Einfach du, andere Singles und ein guter Moment.<\/p>\n\n\n\n<ul class=\"wp-block-list\">\n<li><strong>Echte Erlebnisse<\/strong>: Bei uns triffst du andere Singles live \u2013 beim Picknick, Spieleabend oder Kneipenquiz.<\/li>\n\n\n\n<li><strong>Gemeinsame Interessen<\/strong>: Finde Leute, die ticken wie du. Ob Outdoor, Kultur oder Brettspiele.<\/li>\n\n\n\n<li><strong>Entspannt &amp; nat\u00fcrlich<\/strong>: Kein Dating-Druck, keine Show. Einfach zusammen eine gute Zeit haben.<\/li>\n<\/ul>\n\n\n\n<p>Damit du alle Funktionen der App kennst, zeigen wir dir hier, wo du was findest \u2013 und wie du das Beste aus Funkenflug rausholst.<\/p>\n\n\n\n<h2 class=\"gb-headline gb-headline-7bfa4bda gb-headline-text\"><span class=\"ez-toc-section\" id=\"untere_navigation_dein_schnellzugriff_auf_die_wichtigsten_bereiche\"><\/span><strong>Untere Navigation<\/strong>: Dein Schnellzugriff auf die wichtigsten Bereiche<span class=\"ez-toc-section-end\"><\/span><\/h2>\n\n\n\n<p>Ganz unten in der App findest du die <strong>Bottom Navigation<\/strong> \u2013 die Leiste mit den wichtigsten Men\u00fcpunkten, die (fast) immer sichtbar bleibt. Hier hast du alles Wichtige immer griffbereit \u2013 von der Eventsuche bis zu Deinen Nachrichten.<\/p>\n\n\n\n<figure class=\"gb-block-image gb-block-image-422cad11\"><img decoding=\"async\" width=\"797\" height=\"150\" class=\"gb-image gb-image-422cad11\" src=\"https:\/\/www.funkenflug.app\/blog\/wp-content\/uploads\/2024\/08\/Funkenflug-Untere-Navigation.png\" alt=\"\" title=\"Funkenflug-Untere-Navigation\" srcset=\"https:\/\/www.funkenflug.app\/blog\/wp-content\/uploads\/2024\/08\/Funkenflug-Untere-Navigation.png 797w, https:\/\/www.funkenflug.app\/blog\/wp-content\/uploads\/2024\/08\/Funkenflug-Untere-Navigation-300x56.png 300w, https:\/\/www.funkenflug.app\/blog\/wp-content\/uploads\/2024\/08\/Funkenflug-Untere-Navigation-768x145.png 768w\" sizes=\"(max-width: 797px) 100vw, 797px\" \/><\/figure>\n\n\n\n<p><\/p>\n\n\n\n<h3 class=\"gb-headline gb-headline-686c4616 gb-headline-text\"><span class=\"ez-toc-section\" id=\"entdecken_das_ist_gerade_los_in_der_community\"><\/span><strong>Entdecken<\/strong>: Das ist gerade los in der Community<span class=\"ez-toc-section-end\"><\/span><\/h3>\n\n\n\n<p>Auf deiner Startseite findest du <strong>alle News auf einen Blick<\/strong>: Welche Events finden bald statt, was tut sich in deinen Gruppen und rund um dein Profil.<\/p>\n\n\n\n<hr class=\"wp-block-separator has-text-color has-base-color has-alpha-channel-opacity has-base-background-color has-background\"\/>\n\n\n\n<h3 class=\"gb-headline gb-headline-8a9795d4 gb-headline-text\"><span class=\"ez-toc-section\" id=\"nachrichten_chatte_und_flirte_mit_anderen_singles\"><\/span><strong>Nachrichten<\/strong>: Chatte und flirte mit anderen Singles<span class=\"ez-toc-section-end\"><\/span><\/h3>\n\n\n\n<p>Ein Fingertipp und schon siehst du <strong>deine neuesten Nachrichten<\/strong> und kannst direkt darauf antworten. Hier findest du aber auch Gruppen-Nachrichten zu deinen Events und Gruppen.<\/p>\n\n\n\n<hr class=\"wp-block-separator has-text-color has-base-color has-alpha-channel-opacity has-base-background-color has-background\"\/>\n\n\n\n<div class=\"wp-block-media-text is-stacked-on-mobile\"><figure class=\"wp-block-media-text__media\"><img decoding=\"async\" width=\"600\" height=\"600\" src=\"https:\/\/www.funkenflug.app\/blog\/wp-content\/uploads\/2024\/08\/Date-verabreden-Funkenflug.jpg\" alt=\"Zwei Funkenflug-Singles haben ein Date\" class=\"wp-image-959 size-full\" srcset=\"https:\/\/www.funkenflug.app\/blog\/wp-content\/uploads\/2024\/08\/Date-verabreden-Funkenflug.jpg 600w, https:\/\/www.funkenflug.app\/blog\/wp-content\/uploads\/2024\/08\/Date-verabreden-Funkenflug-300x300.jpg 300w, https:\/\/www.funkenflug.app\/blog\/wp-content\/uploads\/2024\/08\/Date-verabreden-Funkenflug-150x150.jpg 150w\" sizes=\"(max-width: 600px) 100vw, 600px\" \/><\/figure><div class=\"wp-block-media-text__content\">\n<h3 class=\"gb-headline gb-headline-e8db73c9 gb-headline-text\"><span class=\"ez-toc-section\" id=\"interesse_deine_neuesten_besucher_smiles_matches\"><\/span><strong>Interesse<\/strong>: Deine neuesten Besucher, Smiles &amp; Matches<span class=\"ez-toc-section-end\"><\/span><\/h3>\n\n\n\n<p>Hier erf\u00e4hrst du, wer dein <strong>Profil besucht<\/strong> oder dich <strong>angel\u00e4chelt<\/strong> hat und mit wem du ein \u201c<strong>Match<\/strong>\u201d hast &#8211; spricht, wer sich f\u00fcr dich \u201cinteressiert\u201d.<\/p>\n\n\n\n<p>Was das ist? Wenn dir jemand gef\u00e4llt, kannst du auf den \u201cSmiley\u201d in seinem Profil tippen und diese Person somit anl\u00e4cheln. Wenn sie dich ebenfalls mag, kann sie \u201czur\u00fcck l\u00e4cheln\u201d und ihr habt ein Match! Vielleicht der Beginn einer gro\u00dfen Liebe?<\/p>\n<\/div><\/div>\n\n\n\n<hr class=\"wp-block-separator has-text-color has-base-color has-alpha-channel-opacity has-base-background-color has-background\"\/>\n\n\n\n<h3 class=\"gb-headline gb-headline-0d33e961 gb-headline-text\"><span class=\"ez-toc-section\" id=\"community_hier_findest_du_singles_die_wirklich_zu_dir_passen\"><\/span><strong>Community<\/strong>: Hier findest du Singles, die wirklich zu dir passen<span class=\"ez-toc-section-end\"><\/span><\/h3>\n\n\n\n<p>Du suchst einen Partner, der wirklich zu dir passt? Dann probiere doch mal die <strong>Profilsuche<\/strong> aus, denn sie steckt voller hilfreicher Suchfilter!<br><br>Au\u00dferdem findest du unter \u201cCommunity\u201d neben der <strong>Onlineliste<\/strong> und deinen <strong>Favoriten<\/strong> auch <strong>unsere beliebten Gruppen<\/strong>, in denen du dich mit anderen Singles \u00fcber Themen austauschen kannst, die dir am Herzen liegen.<\/p>\n\n\n\n<div class=\"wp-block-buttons is-content-justification-center is-layout-flex wp-container-core-buttons-is-layout-16018d1d wp-block-buttons-is-layout-flex\">\n<div class=\"wp-block-button\"><a class=\"wp-block-button__link has-background has-text-align-center wp-element-button\" href=\"https:\/\/www.funkenflug.app\/l\/partnersuche\" style=\"background-color:#f7a910\" target=\"_blank\" rel=\"noreferrer noopener\"><strong>Jetzt Lieblingsmensch finden<\/strong><\/a><\/div>\n<\/div>\n\n\n\n<hr class=\"wp-block-separator has-text-color has-base-color has-alpha-channel-opacity has-base-background-color has-background\"\/>\n\n\n\n<div class=\"wp-block-media-text is-stacked-on-mobile\"><figure class=\"wp-block-media-text__media\"><img decoding=\"async\" width=\"600\" height=\"600\" src=\"https:\/\/www.funkenflug.app\/blog\/wp-content\/uploads\/2024\/08\/Single-Events-Funkenflug.jpg\" alt=\"Funkenflug-Singles haben Spa\u00df auf einer Party\" class=\"wp-image-966 size-full\" srcset=\"https:\/\/www.funkenflug.app\/blog\/wp-content\/uploads\/2024\/08\/Single-Events-Funkenflug.jpg 600w, https:\/\/www.funkenflug.app\/blog\/wp-content\/uploads\/2024\/08\/Single-Events-Funkenflug-300x300.jpg 300w, https:\/\/www.funkenflug.app\/blog\/wp-content\/uploads\/2024\/08\/Single-Events-Funkenflug-150x150.jpg 150w\" sizes=\"(max-width: 600px) 100vw, 600px\" \/><\/figure><div class=\"wp-block-media-text__content\">\n<h3 class=\"gb-headline gb-headline-5ffc88a4 gb-headline-text\"><span class=\"ez-toc-section\" id=\"events_die_entspannteste_art_sich_kennenzulernen\"><\/span><strong>Events<\/strong>: Die entspannteste Art, sich kennenzulernen<span class=\"ez-toc-section-end\"><\/span><\/h3>\n\n\n\n<p>Triff dich ganz entspannt mit Menschen, die zu dir passen: Geh mit ihnen zum Wandern, Badminton spielen, zu einer interessanten Ausstellung, ein neues Restaurant testen oder in eine schicke Cocktailbar. Was auch immer dir Spa\u00df macht.<\/p>\n\n\n\n<p>Tipp: Am Anfang kannst du dich <strong>kostenlos zu 5 Events deiner Wahl<\/strong> anmelden und sie so einfach mal ausprobieren.<\/p>\n\n\n\n<div class=\"wp-block-buttons is-content-justification-center is-layout-flex wp-container-core-buttons-is-layout-16018d1d wp-block-buttons-is-layout-flex\">\n<div class=\"wp-block-button\"><a class=\"wp-block-button__link has-background has-text-align-center wp-element-button\" href=\"https:\/\/www.funkenflug.app\/event\" style=\"background-color:#f7a910\" target=\"_blank\" rel=\"noreferrer noopener\"><strong>Jetzt Events entdecken<\/strong><\/a><\/div>\n<\/div>\n<\/div><\/div>\n\n\n\n<hr class=\"wp-block-separator has-text-color has-base-color has-alpha-channel-opacity has-base-background-color has-background\"\/>\n\n\n\n<h3 class=\"gb-headline gb-headline-0c270e2f gb-headline-text\"><span class=\"ez-toc-section\" id=\"news_die_neuesten_meldungen_die_dich_und_deine_events_betreffen\"><\/span><strong>News<\/strong>: Die neuesten Meldungen, die dich und deine Events betreffen<span class=\"ez-toc-section-end\"><\/span><\/h3>\n\n\n\n<p>Dazu geh\u00f6ren unter anderem Hinweise zu <strong>neuen Nachrichten, Smiles oder Matches<\/strong>, wichtige Hinweise zu deinem n\u00e4chsten Event und vieles mehr.<\/p>\n\n\n\n<hr class=\"wp-block-separator has-text-color has-contrast-3-color has-alpha-channel-opacity has-contrast-3-background-color has-background\"\/>\n\n\n\n<h2 class=\"gb-headline gb-headline-f2ffc069 gb-headline-text\"><span class=\"ez-toc-section\" id=\"linke_navigation_alles_rund_um_dein_profil_und_mehr%e2%80%a6\"><\/span><strong>Linke Navigation<\/strong>: Alles rund um dein Profil und mehr&#8230;<span class=\"ez-toc-section-end\"><\/span><\/h2>\n\n\n\n<p>Oben links in der App findest Du das <strong>Men\u00fc-Symbol (\u2630)<\/strong> \u2013 damit \u00f6ffnest du die <strong>linke Navigation<\/strong>. Hier verstecken sich viele zus\u00e4tzliche Funktionen und spannende Bereiche:<\/p>\n\n\n\n<figure class=\"gb-block-image gb-block-image-fe1dfc9c\"><img decoding=\"async\" width=\"797\" height=\"150\" class=\"gb-image gb-image-fe1dfc9c\" src=\"https:\/\/www.funkenflug.app\/blog\/wp-content\/uploads\/2024\/08\/Funkenflug-Linke-Navigation.png\" alt=\"\" title=\"Funkenflug-Linke-Navigation\" srcset=\"https:\/\/www.funkenflug.app\/blog\/wp-content\/uploads\/2024\/08\/Funkenflug-Linke-Navigation.png 797w, https:\/\/www.funkenflug.app\/blog\/wp-content\/uploads\/2024\/08\/Funkenflug-Linke-Navigation-300x56.png 300w, https:\/\/www.funkenflug.app\/blog\/wp-content\/uploads\/2024\/08\/Funkenflug-Linke-Navigation-768x145.png 768w\" sizes=\"(max-width: 797px) 100vw, 797px\" \/><\/figure>\n\n\n\n<p><\/p>\n\n\n\n<h3 class=\"gb-headline gb-headline-97cdc88d gb-headline-text\"><span class=\"ez-toc-section\" id=\"profil_bearbeiten_zeig_wer_du_bist\"><\/span><strong>Profil bearbeiten<\/strong>: Zeig, wer du bist<span class=\"ez-toc-section-end\"><\/span><\/h3>\n\n\n\n<p>Wenn du ein vollst\u00e4ndiges Profil hast, findet dich dein Lieblingsmensch in der Funkenflug-App einfach leichter. Wir wissen, dass du mit einem ehrlichen Profil und <strong>mindestens f\u00fcnf Fotos<\/strong> die besten Chancen hast. Erg\u00e4nze also gleich dein Profil, indem du auf den \u201cProfil bearbeiten\u201d Bereich oben links in der linken Navi tippst.<\/p>\n\n\n\n<div class=\"wp-block-buttons is-content-justification-center is-layout-flex wp-container-core-buttons-is-layout-16018d1d wp-block-buttons-is-layout-flex\">\n<div class=\"wp-block-button\"><a class=\"wp-block-button__link has-background has-text-align-center wp-element-button\" href=\"https:\/\/www.funkenflug.app\/l\/profil-bearbeiten\" style=\"background-color:#f7a910\" target=\"_blank\" rel=\"noreferrer noopener\"><strong>Jetzt Profil bearbeiten<\/strong><\/a><\/div>\n<\/div>\n\n\n\n<hr class=\"wp-block-separator has-text-color has-base-color has-alpha-channel-opacity has-base-background-color has-background\"\/>\n\n\n\n<h3 class=\"gb-headline gb-headline-e7159596 gb-headline-text\"><span class=\"ez-toc-section\" id=\"einstellungen_wer_darf_dir_schreiben_und_dein_profil_sehen\"><\/span><strong>Einstellungen<\/strong>: Wer darf dir schreiben und dein Profil sehen?<span class=\"ez-toc-section-end\"><\/span><\/h3>\n\n\n\n<p>Du sollst dich bei uns sicher und wohl f\u00fchlen. Deshalb kannst du bei uns deine <strong>Privatsph\u00e4re detailliert einstellen<\/strong>. So kannst du zum Beispiel festlegen, wer dir schreiben darf, andere Profile unbemerkt besuchen, versteckte Besucher verhindern, dein Profil pausieren, Profile blockieren, deinen Online-Status verbergen und vieles mehr.<\/p>\n\n\n\n<hr class=\"wp-block-separator has-text-color has-base-color has-alpha-channel-opacity has-base-background-color has-background\"\/>\n\n\n\n<h3 class=\"gb-headline gb-headline-e00ebfc6 gb-headline-text\"><span class=\"ez-toc-section\" id=\"hilfe_support\"><\/span><strong>Hilfe &amp; Support<\/strong><span class=\"ez-toc-section-end\"><\/span><\/h3>\n\n\n\n<p>Technische Probleme? Fragen zur App? In unserem &#8222;<a href=\"https:\/\/www.funkenflug.app\/help\" target=\"_blank\" data-type=\"link\" data-id=\"https:\/\/www.funkenflug.app\/help\" rel=\"noreferrer noopener\">Hilfebereich<\/a>&#8220; findest du h\u00e4ufige Fragen &amp; Antworten &#8211; vielleicht wird deine Frage dort bereits beantwortet. Falls nicht, schreibe uns einfach eine E-Mail an <a href=\"mailto:team@funkenflug.app\" target=\"_blank\" rel=\"noreferrer noopener\">team@funkenflug.app<\/a>. Wir helfen dir gerne weiter!<\/p>\n\n\n\n<hr class=\"wp-block-separator has-text-color has-base-color has-alpha-channel-opacity has-base-background-color has-background\"\/>\n\n\n\n<div class=\"wp-block-media-text is-stacked-on-mobile\"><figure class=\"wp-block-media-text__media\"><img decoding=\"async\" width=\"600\" height=\"600\" src=\"https:\/\/www.funkenflug.app\/blog\/wp-content\/uploads\/2024\/08\/Partner-finden-Funkenflug.jpg\" alt=\"Dank der Premiummitgliedschaft haben sich schon viele Singles bei Funkenflug gefunden\" class=\"wp-image-969 size-full\" srcset=\"https:\/\/www.funkenflug.app\/blog\/wp-content\/uploads\/2024\/08\/Partner-finden-Funkenflug.jpg 600w, https:\/\/www.funkenflug.app\/blog\/wp-content\/uploads\/2024\/08\/Partner-finden-Funkenflug-300x300.jpg 300w, https:\/\/www.funkenflug.app\/blog\/wp-content\/uploads\/2024\/08\/Partner-finden-Funkenflug-150x150.jpg 150w\" sizes=\"(max-width: 600px) 100vw, 600px\" \/><\/figure><div class=\"wp-block-media-text__content\">\n<h3 class=\"gb-headline gb-headline-d0de8cb7 gb-headline-text\"><span class=\"ez-toc-section\" id=\"finde_mit_premium_schneller_einen_partner_%e2%80%93_und_habe_dabei_spass\"><\/span>Finde mit Premium schneller einen Partner &#8211; und habe dabei Spa\u00df<span class=\"ez-toc-section-end\"><\/span><\/h3>\n\n\n\n<p>Viele Funktionen sind bei uns kostenlos, damit du die App erst einmal in Ruhe testen kannst. Wer ernsthaft einen Partner sucht, entscheidet sich dann h\u00e4ufig f\u00fcr die Premiummitgliedschaft.<br><br>Warum? Ganz einfach, weil du als Premium schneller einen Partner findest, der wirklich zu dir passt &#8211; sprich bei dem es \u201cfunkt\u201d.<\/p>\n\n\n\n<div class=\"wp-block-buttons is-content-justification-center is-layout-flex wp-container-core-buttons-is-layout-16018d1d wp-block-buttons-is-layout-flex\">\n<div class=\"wp-block-button\"><a class=\"wp-block-button__link has-background has-text-align-center wp-element-button\" href=\"https:\/\/www.funkenflug.app\/l\/premium\" style=\"background-color:#f7a910\" target=\"_blank\" rel=\"noreferrer noopener\"><strong>Premiumvorteile ansehen<\/strong><\/a><\/div>\n<\/div>\n<\/div><\/div>\n\n\n\n<p><\/p>\n\n\n\n<p>Viele Singles fragen sich an diesem Punkt, was bei Dating-Apps wirklich kostenlos ist und wo sp\u00e4ter Kosten entstehen. In unserem Ratgeber zu <a href=\"https:\/\/www.funkenflug.app\/blog\/kostenlose-dating-app\/\" target=\"_blank\" data-type=\"link\" data-id=\"https:\/\/www.funkenflug.app\/blog\/kostenlose-dating-app\/\" rel=\"noreferrer noopener\">kostenlosen Dating-Apps<\/a> erkl\u00e4ren wir ehrlich, worauf du achten solltest.<\/p>\n\n\n\n<hr class=\"wp-block-separator has-text-color has-contrast-3-color has-alpha-channel-opacity has-contrast-3-background-color has-background\"\/>\n\n\n\n<h3 class=\"gb-headline gb-headline-fce36246 gb-headline-text\"><span class=\"ez-toc-section\" id=\"weitere_tolle_features_die_du_entdecken_kannst\"><\/span>Weitere tolle Features, die du entdecken kannst<span class=\"ez-toc-section-end\"><\/span><\/h3>\n\n\n\n<ul class=\"wp-block-list\">\n<li>Unseren Ratgeber \u201cLiebeskram\u201d, in dem wir dir regelm\u00e4\u00dfig Tipps f\u00fcr Single-Leben &amp; Partnersuche geben<\/li>\n\n\n\n<li>Den Funkenflug Blog, in dem wir dich mit News rund um Funkenflug versorgen<\/li>\n\n\n\n<li>Ausloggen<\/li>\n\n\n\n<li>Freunde werben<\/li>\n\n\n\n<li>Event- und Erfahrungsberichte<\/li>\n\n\n\n<li>Liebesgeschichten<\/li>\n\n\n\n<li>Infos \u00fcber uns<\/li>\n<\/ul>\n\n\n\n<p>&#8230; und viele weitere interessante Infos. <\/p>\n\n\n\n<p>\ud83d\udc49 <strong>Tipp:<\/strong> Viele dieser Funktionen findest du, wenn du dich etwas durch die App klickst. Schau dich einfach mal um und tauche ein in die wunderbare Funkenflug-Community:<\/p>\n\n\n\n<div class=\"wp-block-buttons is-content-justification-center is-layout-flex wp-container-core-buttons-is-layout-16018d1d wp-block-buttons-is-layout-flex\">\n<div class=\"wp-block-button\"><a class=\"wp-block-button__link has-background has-text-align-center wp-element-button\" href=\"https:\/\/www.funkenflug.app\/l\/events-verabreden\" style=\"background-color:#f7a910\" target=\"_blank\" rel=\"noreferrer noopener\"><strong>Jetzt Community entdecken<\/strong><\/a><\/div>\n<\/div>\n\n\n\n<hr class=\"wp-block-separator has-text-color has-base-color has-alpha-channel-opacity has-base-background-color has-background\"\/>\n\n\n\n<h3 class=\"gb-headline gb-headline-a39c8aad gb-headline-text\"><span class=\"ez-toc-section\" id=\"unser_tipp_einfach_loslegen_und_neugierig_bleiben\"><\/span>Unser Tipp: Einfach loslegen und neugierig bleiben!<span class=\"ez-toc-section-end\"><\/span><\/h3>\n\n\n\n<p><strong>Bereit f\u00fcr deinen ersten Funken?<\/strong> Du musst nicht alles auf einmal machen. Vielleicht startest du mit einem Event, einer pers\u00f6nlichen Nachricht oder einer gemeinsamen Aktivit\u00e4t.<\/p>\n\n\n\n<p>Wir w\u00fcnschen dir viel Spa\u00df beim St\u00f6bern, Treffen und Verlieben! \u2728<\/p>\n\n\n\n<p><strong>Noch Fragen?<\/strong> Schreib uns einfach \u2013 wir freuen uns, von Dir zu h\u00f6ren: <a href=\"mailto:team@funkenflug.app\" target=\"_blank\" rel=\"noreferrer noopener\">team@funkenflug.app<\/a>.<\/p>\n","protected":false},"excerpt":{"rendered":"<p>Die Funkenflug App steckt voller M\u00f6glichkeiten \u2013 von spannenden Events \u00fcber die Profilsuche bis hin zu Gruppen und echten Liebesgeschichten. Doch was macht diese App so besonders? Wir glauben: Die besten Verbindungen entstehen, wenn man sich live begegnet. Deshalb bringen wir mit unserer App Menschen \u00fcber Erlebnisse zusammen \u2013 ob beim Lagerfeuer, in der Bar &#8230; <a title=\"So funktioniert die Funkenflug App\" class=\"read-more\" href=\"https:\/\/www.funkenflug.app\/blog\/so-funktioniert-die-funkenflug-app\/\" aria-label=\"Mehr Informationen \u00fcber So funktioniert die Funkenflug App\">Weiterlesen<\/a><\/p>\n","protected":false},"author":5,"featured_media":2757,"parent":0,"menu_order":0,"comment_status":"closed","ping_status":"closed","template":"","meta":{"_acf_changed":false,"footnotes":""},"class_list":["post-949","page","type-page","status-publish","has-post-thumbnail"],"acf":[],"_links":{"self":[{"href":"https:\/\/www.funkenflug.app\/blog\/wp-json\/wp\/v2\/pages\/949","targetHints":{"allow":["GET"]}}],"collection":[{"href":"https:\/\/www.funkenflug.app\/blog\/wp-json\/wp\/v2\/pages"}],"about":[{"href":"https:\/\/www.funkenflug.app\/blog\/wp-json\/wp\/v2\/types\/page"}],"author":[{"embeddable":true,"href":"https:\/\/www.funkenflug.app\/blog\/wp-json\/wp\/v2\/users\/5"}],"replies":[{"embeddable":true,"href":"https:\/\/www.funkenflug.app\/blog\/wp-json\/wp\/v2\/comments?post=949"}],"version-history":[{"count":1,"href":"https:\/\/www.funkenflug.app\/blog\/wp-json\/wp\/v2\/pages\/949\/revisions"}],"predecessor-version":[{"id":3873,"href":"https:\/\/www.funkenflug.app\/blog\/wp-json\/wp\/v2\/pages\/949\/revisions\/3873"}],"wp:featuredmedia":[{"embeddable":true,"href":"https:\/\/www.funkenflug.app\/blog\/wp-json\/wp\/v2\/media\/2757"}],"wp:attachment":[{"href":"https:\/\/www.funkenflug.app\/blog\/wp-json\/wp\/v2\/media?parent=949"}],"curies":[{"name":"wp","href":"https:\/\/api.w.org\/{rel}","templated":true}]}}